8. What is x(-11)?
-30
Let o(f) = 7*f**3 - 33*f**2 - 38*f + 7. Give o(6).
103
Let h(n) = -13*n**2 + 15*n + 52. Calculate h(-3).
-110
Let h(n) = -54*n - 167. Give h(-3).
-5
Let o(z) = -z**3 - 18*z**2 - 31*z + 33. Give o(-16).
17
Let d(m) = -26*m + 24. Give d(-5).
154
Let d(j) = -11*j + 66. Give d(5).
11
Let b(o) = -61*o**2 + 117*o + 7. Determine b(2).
-3
Let n(z) = 1941*z + 5815. What is n(-3)?
-8
Let a(l) = -3*l**2 + 9*l + 91. Calculate a(-6).
-71
Let u(i) = -i**2 - 145*i - 2911. What is u(-121)?
-7
Let t(z) = 19*z - 142. Determine t(8).
10
Let t(d) = d**2 + 6*d - 938. What is t(-34)?
14
Let a(g) = 21*g**2 - 556*g - 281. Give a(27).
16
Let u(a) = 13210*a + 92469. Give u(-7).
-1
Let k(u) = 2*u**3 - 9*u**2 + 3*u + 209. Give k(0).
209
Let o(w) = 3*w**2 + 36*w + 87. Calculate o(-14).
171
Let d(q) = -27*q - 1749. Determine d(-65).
6
Let t(i) = 76*i - 1782. Calculate t(21).
-186
Let t(z) = 126*z - 1202. Calculate t(10).
58
Let r(u) = -7*u**2 + 187*u - 1047. What is r(8)?
1
Let q(r) = r**3 - 2*r**2 - 160*r - 113. Determine q(14).
-1
Let x(r) = -r**3 + 55*r**2 + 1296*r - 69434. Determine x(56).
6
Let v(k) = -202*k - 383. Determine v(-1).
-181
Let f(s) = 43*s + 1225. Calculate f(-29).
-22
Let c(l) = -l**3 + 2*l**2 + 67*l + 7. Give c(-6).
-107
Let w(r) = r**3 - 101*r**2 + 742*r + 206. Calculate w(93).
20
Let z(a) = -19*a**2 + 69*a - 35. What is z(1)?
15
Let s(x) = -3*x**2 + 209*x + 35. Calculate s(71).
-249
Let v(b) = 28*b**2 + 481*b + 90. Calculate v(-17).
5
Let n(j) = -2151*j - 51625. Determine n(-24).
-1
Let j(g) = -10*g**2 - 61*g - 40. Give j(-5).
15
Let r(w) = -18*w**2 - 224*w + 130. Determine r(-13).
0
Let p(l) = 14*l + 68. Calculate p(8).
180
Let t(y) = -9*y**2 - 189*y - 280. Calculate t(-25).
-1180
Let f(b) = -3*b**2 - 97*b + 103. What is f(-33)?
37
Let j(q) = -7*q**3 - 2*q**2 - 11*q + 3. Give j(-2).
73
Let d(n) = -n**3 - 12*n**2 + 70*n + 697. Calculate d(-13).
-44
Let a(x) = -x**3 - 49*x**2 - 85*x + 419. Calculate a(-47).
-4
Let f(l) = -l - 121. What is f(48)?
-169
Let r(w) = w**2 + 38*w - 664. Calculate r(14).
64
Let w(o) = -o**3 - 33*o**2 - 109*o - 48. Calculate w(-30).
522
Let o(m) = 10*m + 13. Determine o(7).
83
Let s(d) = -2*d**2 - 30*d - 264. Determine s(-7).
-152
Let a(j) = 2*j**3 - 10*j**2 - 4*j - 13. Calculate a(7).
155
Let h(b) = 10*b**2 + 175*b - 32. What is h(-16)?
-272
Let t(o) = o**3 + 81*o**2 + 162*o + 154. What is t(-79)?
-162
Let k(a) = -13*a**3 + 9*a**2 + 2*a - 6. Determine k(-1).
14
Let f(y) = 1012*y + 47535. Give f(-47).
-29
Let m(w) = 4*w**2 + 41*w + 410. Determine m(-6).
308
Let r(z) = -30*z**2 - 2905*z + 490. What is r(-97)?
5
Let x(o) = 5*o**3 + 4*o**2 - 6*o + 8. Calculate x(3).
161
Let g(d) = -3*d - 81. What is g(49)?
-228
Let d(b) = -3*b + 16. What is d(5)?
1
Let o(y) = -13*y**2 - 26*y - 46. What is o(-2)?
-46
Let i(f) = 105*f - 4358. Calculate i(42).
52
Let y(m) = 12*m**2 + 201*m - 89. Determine y(-17).
-38
Let p(u) = -u**2 + 61*u - 327. What is p(59)?
-209
Let s(f) = 10681*f + 106810. What is s(-10)?
0
Let d(c) = 382*c - 8386. Determine d(22).
18
Let j(q) = -56*q + 32. Give j(1).
-24
Let r(f) = 4*f**2 + 10*f + 25. Give r(-6).
109
Let s(o) = -855*o + 913. Determine s(1).
58
Let x(h) = -9*h**2 + 285*h - 172. Calculate x(31).
14
Let m(q) = q**3 - 4*q**2 + 19*q + 4. What is m(0)?
4
Let o(u) = 2*u**3 + 46*u**2 + 11*u + 50. Calculate o(-23).
-203
Let g(n) = n**3 - n**2 - 870*n - 1736. Determine g(-2).
-8
Let c(f) = 2*f**2 - 30*f + 25. Calculate c(19).
177
Let p(u) = 94*u - 985. Determine p(10).
-45
Let b(x) = x**2 - 7*x - 18. Calculate b(-11).
180
Let v(n) = 2*n**3 + 3*n**2 + 8*n + 9. What is v(-2)?
-11
Let m(t) = 164*t - 9. Give m(-2).
-337
Let t(r) = -r**3 - 66*r**2 - 73*r - 519. Calculate t(-65).
1
Let l(a) = -a**2 + 217*a + 1124. Give l(-5).
14
Let n(r) = -r**3 + 39*r**2 - 166*r - 44. What is n(34)?
92
Let c(z) = 28556*z - 257010. Calculate c(9).
-6
Let w(r) = r**2 - 40*r + 234. Calculate w(32).
-22
Let y(d) = d**3 - 3*d**2 - 20*d + 56. Give y(4).
-8
Let s(w) = 13*w**2 - 1304*w + 362. Determine s(100).
-38
Let g(a) = 4*a**3 - 2*a**2 - 12*a - 11. What is g(-3)?
-101
Let k(i) = i**2 - 9*i + 1. Determine k(2).
-13
Let q(h) = 22*h**2 + 3*h - 25. What is q(0)?
-25
Let n(l) = -293*l - 79698. What is n(-272)?
-2
Let c(t) = 88*t**2 + 91*t + 7. Calculate c(-1).
4
Let z(f) = -f**3 - 101*f**2 - 289*f + 438. Calculate z(-98).
-52
Let h(a) = -a**3 + 74*a**2 - a + 218. What is h(74)?
144
Let v(i) = -3*i**2 + 45*i - 97. Give v(10).
53
Let w(l) = -23767*l - 404040. Determine w(-17).
-1
Let i(z) = -17*z - 1102. Determine i(-64).
-14
Let v(o) = -211*o + 218. Calculate v(1).
7
Let x(d) = -3*d**3 + 85*d**2 - 19*d - 125. What is x(28)?
127
Let x(o) = -69*o - 1587. What is x(-23)?
0
Let m(v) = 3*v**2 + 49*v + 33. Determine m(-14).
-65
Let z(h) = h**3 + 20*h**2 + 97*h + 2. What is z(-8)?
-6
Let h(t) = -288*t + 2592. Calculate h(9).
0
Let a(d) = -8*d**2 + 49*d - 14. What is a(6)?
-8
Let m(n) = n**3 - 33*n**2 - 509*n + 365. What is m(-12)?
-7
Let g(c) = 14*c**3 - 6*c**2 - 41*c - 101. Determine g(-3).
-410
Let g(r) = -20*r**2 + 9*r + 23. Give g(-3).
-184
Let k(m) = -198*m + 2308. Determine k(12).
-68
Let m(k) = k**2 + 43*k + 112. What is m(-37)?
-110
Let z(x) = -x**2 - 129*x - 2964. Give z(-99).
6
Let w(d) = -19*d**2 + 714*d - 1423. Give w(2).
-71
Let y(a) = 3*a**2 + 162*a - 609. Calculate y(4).
87
Let p(f) = f**2 - 529*f - 32788. What is p(-56)?
-28
Let s(x) = x**3 - 66*x**2 + 358*x + 108. Determine s(60).
-12
Let i(w) = -46*w + 60. Calculate i(-5).
290
Let w(t) = -t**2 - 123*t - 3736. Calculate w(-55).
4
Let c(o) = 20*o**2 + 25*o - 122. Calculate c(5).
503
Let z(v) = 3*v - 32. Determine z(-18).
-86
Let w(t) = t**3 - 10*t**2 - 4*t + 50. What is w(9)?
-67
Let a(n) = -1186*n + 16659. Calculate a(14).
55
Let q(b) = b**2 - 22*b + 17. Determine q(1).
-4
Let n(l) = -l**2 - 9377*l - 93665. Calculate n(-10).
5
Let t(j) = 81*j - 75. What is t(6)?
411
Let j(f) = 2*f**3 + 33*f**2 - 23*f + 91. What is j(-17)?
193
Let r(i) = -11*i - 21. Give r(4).
-65
Let o(z) = 18*z - 173. Give o(9).
-11
Let k(z) = 695*z - 4876. What is k(7)?
-11
Let p(y) = 7*y - 320. What is p(42)?
-26
Let v(u) = 3*u**2 + 29*u + 143. What is v(-8)?
103
Let w(s) = -s**3 + 6*s**2 + 49*s - 326. Calculate w(6).
-32
Let i(b) = 105*b + 13734. Determine i(-131).
-21
Let d(m) = -m**3 + 5*m**2 - 33*m + 164. Give d(5).
-1
Let m(q) = -q**2 - 12*q + 103. Calculate m(-20).
-57
Let r(s) = -s**3 + 33*s**2 - 67*s + 34. Determine r(31).
-121
Let f(t) = 14*t**3 + 104*t**2 + 20*t - 14. Determine f(-7).
140
Let n(m) = -m**2 - 612*m - 93542. Give n(-316).
-6
Let s(k) = -k**2 + 163*k + 2311. Determine s(-13).
23
Let j(q) = 2879*q + 14408. Determine j(-5).
13
Let v(b) = -17*b + 241. Give v(6).
139
Let b(g) = g**2 + 57*g + 826. Calculate b(-24).
34
Let k(s) = 1218*s - 151027. Determine k(124).
5
Let z(y) = -110*y - 555. Give z(-5).
-5
Let d(v) = -v**3 - v**2 + 90*v - 262. Give d(4).
18
Let z(t) = 2*t**2 + 259*t + 7428. Determine z(-43).
-11
Let c(k) = -55*k - 7784. Give c(-143).
81
Let t(h) = -7*h + 11. Determine t(-8).
67
Let l(c) = c**3 - 7*c**2 - 35*c + 224. Determine l(5).
-1
Let u(w) = w**3 - 18*w**2 + 75*w + 29. Calculate u(10).
-21
Let j(r) = 6*r**2 + 141*r - 739. Determine j(-28).
17
Let g(i) = 9*i + 33. Give g(-12).
-75
Let k(t) = t**2 - 62*t + 199. What is k(8)?
-233
Let j(d) = 12*d - 122. Calculate j(12).
22
Let x(w) = -4*w**2 - 130*w + 364. Determine x(-35).
14
Let w(l) = -l**3 + 9*l**2 - 25*l + 737. Determine w(12).
5
Let f(j) = -4*j**2 - 52*j + 8. Calculate f(-11).
96
Let u(c) = 2*c**3 - 15*c**2 - 57*c - 17. What is u(-4)?
-157
Let l(x) = -11*x**3 - 6*x**2 - 21*x - 51. Determine l(-3).
255
Let o(v) = -2*v**2 + 21*v + 500. Determine o(22).
-6
Let y(q) = -q**2 + 675*q + 4096. Determine y(-6).
10
Let t(w) = 515*w + 6181. What is t(-12)?
1
Let g(q) = -q**3 - 16*q**2 + 20*q + 243. Give g(-17).
192
Let r(f) = 3*f**2 + 25*f + 6. Calculate r(-9).
24
Let y(f) = f**3 - 15*f**2 - 643*f + 28. Calculate y(-19).
-29
Let n(r) = -4*r**2 + 4*r + 385. Give n(0).
385
Let k(p) = 3*p**2 - 130*p + 977. What is k(34)?
25
Let v(k) = k**3 + 10*k**2 - 18*k + 5. What is v(-11)?
82
Let w(y) = 3*y + 92. Calculate w(-28).
8
Let k(f) = f**3 + 8*f**2 - 460*f - 3679. Determine k(-8).
1
Let u(g) = g**2 - 38*g + 351. Determine